ive of -k**6/120 - k**5/5 - k**4/12 - 7*k**3/3 - 4*k**2 - 49*k. Let l = 5 + -17. What is z(l)?
10
Suppose -x = 11*x - 67*x + 770. Let s(k) = k**3 - 15*k**2 + 10*k + 2. Give s(x).
-54
Suppose m - 36 = -2*n - 27, -42 = -2*m + 2*n. Let y(g) be the second derivative of -5/6*g**3 + m*g + 0*g**2 + 0. Give y(3).
-15
Suppose 0 = -4*w + 4*g + 4, 120*w - 125*w - 11 = 3*g. Let c(t) = 8*t - 2*t - 2*t. Determine c(w).
-4
Let p = -14 - -8. Let f(b) be the first derivative of b**3/3 + 2*b**2 + b + 1256. Give f(p).
13
Let j(l) be the third derivative of -l**6/120 - l**5/20 - l**4/4 - 2*l**3/3 + 3*l**2 + 28*l. Calculate j(-4).
36
Suppose 324 = -29*g + 556. Let a(j) = -j**3 + 9*j**2 - 12*j + 29. Determine a(g).
-3
Let k(l) be the third derivative of -l**5/60 + l**4/6 + l**3/6 + l**2. Suppose 0 = -s - 13957 + 13962. What is k(s)?
-4
Let d(z) = -z**2 + 16*z + 19. Let h(b) = -b**2 + b + 2. Let x(f) = -d(f) + 3*h(f). Give x(-5).
2
Let n(b) = -b**3 + 5*b**2 - 12*b + 10. Suppose 19*q - 15*q - 8 = 2*w, 0 = w + 5*q - 17. Calculate n(w).
-2
Let x(s) = 59*s + 35. Let c(g) = 249*g + 149. Let l(f) = 4*c(f) - 17*x(f). Let d be (-33)/7 - 2/7. Give l(d).
36
Let g(j) = 4*j**2 + 2*j - 116. Suppose 2*i = 22*b - 27*b - 30, 3*i + 30 = -5*b. What is g(b)?
16
Let q(y) = 0*y - y - 4*y + 0*y - 8. Let s be q(-1). Let a(t) = 9*t - 7. Let j(i) = 5*i - 4. Let g(x) = -6*a(x) + 10*j(x). What is g(s)?
14
Let q(w) = w**3 + 2*w**2 - w. Let n be q(1). Let r(g) = -62*g - 3346 + 65*g + 3*g**2 + 3343. Give r(n).
15
Let q = 128 - 109. Suppose -3*t + q = 22. Let n(v) = -8*v**2 + 2*v + 1. Calculate n(t).
-9
Let l(p) be the first derivative of -1/2*p**2 - 1/3*p**3 + 96 - p. Give l(-1).
-1
Let g = -22 + 23. Suppose -z + 6 = g. Suppose z = -2*y - 3. Let t(b) = -b**2 - 8*b - 4. Calculate t(y).
12
Let n = 687 + -1115. Let p = -428 - n. Let h(l) = l**3 - l**2 - l - 12. What is h(p)?
-12
Let m(g) be the second derivative of -g**5/20 + g**3/6 - g**2/2 + 57*g. Let c(s) = -4*s**3 - 9*s**2 + 17*s - 15. Let f(h) = c(h) - 5*m(h). Give f(8).
22
Let l(r) = 3*r**2 - 53*r + 203. Let f be l(6). Let g(q) = -3 - 2 + 2*q - 5 + 3. Calculate g(f).
-21
Suppose -2*j = s, 5*j + s = -4*s - 10. Let g(p) = -3*p + 3*p**j - p**3 + 4*p + p. Let i = -51228 + 51232. Determine g(i).
-8
Let w(l) = 4*l - 21*l**3 - 7*l**2 + 5*l + 22*l**3 - 9 + 0*l**2. Let f(i) = -i**3 - 4*i**2 - 2*i + 1. Let g be f(-2). Let y be g*(-5)/((-15)/(-6)). What is w(y)?
9
Let l be (-6 + 316/8)*2. Suppose -15*f - l = 38. Let x(w) = w**3 + 8*w**2 + 6*w - 1. Give x(f).
6
Let s(f) = 7*f - 1. Suppose 4*n = d - 1, -111 = -4*d - 3*n - 12. Suppose 2*q + d = 23. What is s(q)?
6
Let z(p) = -p**2 + 35*p - 26. Let b be z(34). Let a(t) = -4*t + t**2 - b + 5*t - 10*t. Give a(10).
2
Let i(p) = -p + 19 - 1 + 1 + 15 + 8*p. Give i(-8).
-22
Let a(s) be the third derivative of 3/8*s**4 + 0 - 10*s**2 + 0*s + 2/3*s**3. Calculate a(-4).
-32
Let w(o) be the third derivative of o**6/120 - 8*o**5/15 - 65*o**4/24 - 49*o**3/3 + 2*o**2 + o - 1169. Calculate w(34).
4
Let n be (-3 + 76/24)/((-45)/(-1080)). Let d(c) = -32*c - 32. Determine d(n).
-160
Let j = -46 + 50. Suppose 5*z - 2*z + 5*x = -13, 2*x + j = 0. Let d(m) = 14*m. Determine d(z).
-14
Let h(d) = d**3 - d**2 - 14. Let v be 7 - (21/7 - 1). Suppose v*z = -4*n + 8, -3*n + 9 - 3 = 3*z. Calculate h(z).
-14
Let z(v) be the third derivative of 1/6*v**3 - 42*v**2 + 0 + 0*v**4 + 1/20*v**6 + 0*v - 1/60*v**5. Determine z(1).
6
Let m(r) = -13*r**2 + r - 1. Suppose -3*h + 4*u = 0, -2*u + 7 = 2*h - 7. Let s be (2 + 5/(-2))/((-2)/h). Give m(s).
-13
Let i(c) = -2*c**3 + 124*c**2 + 169*c - 2710. Let v be i(63). Let n(k) be the second derivative of 0 - 1/6*k**3 + 1/4*k**4 + 0*k**2 + k. Determine n(v).
4
Suppose -2*p - 70 = 4*l, 0 = -2*p + l + 218 - 278. Let o(z) = -z**3 - 32*z**2 - 28*z + 94. Give o(p).
1
Let o be ((-6)/(-3))/(14/49). Let q(z) = 3*z**3 - 9*z**2 - 2*z + 6. Let s(d) = 16*d**3 - 46*d**2 - 11*d + 30. Let t(g) = -11*q(g) + 2*s(g). What is t(o)?
-6
Let d(m) = 3*m + 3. Let a(x) = x**2 - 8*x - 3. Let c be a(9). Suppose -3*k + 4*o = c, -5*k - 31 = 2*o - 21. What is d(k)?
-3
Let d(n) = -n**3 - n**2 - 6*n - 353 + 345 - n**2. What is d(-3)?
19
Let b be 10/3*(-57)/38. Let l(m) = 47*m + 234. Calculate l(b).
-1
Let m(h) = -34*h - 54. Let r(s) = -16*s - 26. Suppose -160 = -4*l - 212. Let q(y) = l*r(y) + 6*m(y). Calculate q(-11).
-30
Let f(u) = -u**2 + 9*u - 9. Let v be f(8). Let z(w) = -2. Let b(g) = g**3 - 956 + 3*g + 2*g**2 + 963 - 3*g. Let x(l) = b(l) + 4*z(l). Determine x(v).
0
Let j(u) = -u**2 - 6*u - 3. Let v be (-6 - -3) + (174 - -1). Let y = v - 177. Determine j(y).
2
Let f be 2/((-4)/(-62)) + 78 + -74. Suppose f - 15 = 5*g. Let x(l) = 2*l**3 - 6*l**2 - l + 5. Give x(g).
33
Let c(y) be the first derivative of 0*y + 3*y**3 + 0*y**2 + 9 + 1/120*y**5 + 5/12*y**4. Let p(r) be the third derivative of c(r). Calculate p(-7).
3
Let f(g) = -2*g - 1. Let j(z) = 5 - 19*z - 3 + 13*z + 9*z. Let a(y) = f(y) + j(y). What is a(7)?
8
Let a(w) = 131*w**2 - 110*w - 52. Let f(p) = 27*p**2 + 4*p + 1. Let m(x) = -a(x) + 5*f(x). What is m(-32)?
-7
Let b = -149 + 360. Let q(d) = -73*d - 70*d - 72*d + d**2 + b*d. What is q(4)?
0
Let c(x) = -x**2 - 10*x + 1. Let v(d) = -7*d**3 - 100*d**2 - 27*d + 4. Let o be v(-14). Give c(o).
1
Let p(v) = 5*v + 4. Let i = 63 + -57. Suppose 0 = -u, c - i*c - 4*u = 30. Let h be -4 + (1 - c) + 0. Determine p(h).
19
Let j(y) = -y**3 - 2*y**2 + 134*y - 279*y + 138*y - 16 - 3*y**2. Determine j(-4).
-4
Let j(l) = l - 1. Let t = 121 - 115. Suppose -17 = -4*r - m, 3*r = 5*m - 10 - t. Calculate j(r).
2
Let q(a) = -10*a**3 + a**2 - 12*a + 1. Let x(b) = 3*b**3 + 2*b**2 + b. Let k(u) = q(u) + 3*x(u). Give k(6).
-17
Let u be (1/(8/20))/((-7)/(-14)). Let d(v) = -u*v - 73*v**2 - 2*v + v + 72*v**2. Give d(-3).
9
Let n = 10600 - 10615. Let g(v) = -2*v - 11. Determine g(n).
19
Suppose -f + 4*r = -2*f + 6, -f = r + 3. Let o(i) = 6*i**2 + 3*i - 4. Let n(w) = -5*w**2 - 3*w + 3. Let y(p) = -5*n(p) - 4*o(p). Give y(f).
19
Let s(o) = 2*o + 1. Let d(n) be the third derivative of n**5/60 + 13*n**4/24 - 2*n**3 + 24*n**2. Let c(l) = -d(l) + 2*s(l). Determine c(-11).
-8
Let k be (-1)/(-5) - 34/(-5). Let m(s) = s**3 - 2*s**2 - 4 + 1 - k*s + 6*s. Calculate m(3).
3
Let q(p) = p**2 - 4*p + 2. Let v(m) = -2*m**2 - 19*m + 9. Let w be v(-14). Let u be w/(-21) - (-32)/(-56). What is q(u)?
7
Let i = 8913 - 8916. Let y(n) = -n**3 - 2*n**2 + 4*n + 2. Calculate y(i).
-1
Let w(s) = -8*s**2 - 7*s + 7. Let z(p) = -12*p**2 - 11*p + 8. Let v(b) = 4*w(b) - 3*z(b). Suppose 5*m + 1 = 4*d - 7, -d - 4*m = 19. What is v(d)?
25
Let p(a) be the third derivative of a**6/30 + a**5/60 - a**4/24 - a**3/6 - 2*a**2. Suppose -130 = 5*q + 4*d - 149, 4*d = 9*q + 33. Determine p(q).
-3
Let t be ((-6)/12 + 0)/(2/(-16)). Let m(b) = 2*b + t*b - 3*b + 1 - b. Suppose x + 0 = -2*z + 11, 21 = 3*x + 3*z. Give m(x).
7
Let z(d) = -d**2 - 6*d + 2. Let c be z(-6). Let u(f) = 2*f**2 - 6. Let w(y) = 14*y**2 - 2*y - 33. Let o(b) = 6*u(b) - w(b). Give o(c).
-7
Let k(b) be the third derivative of b**6/120 + 4*b**5/15 - 5*b**4/24 - b**3/6 - 3*b**2 - 37*b. Determine k(-16).
79
Let c(u) be the third derivative of u**5/3 + u**4/8 - u**3/3 - 540*u**2. Determine c(1).
21
Let z(j) = -5 - 10*j**2 - 1983*j + j**3 + 3971*j - 1988*j. What is z(9)?
-86
Let o(p) = 6*p - 1. Suppose 35*d + 95 = -10. Give o(d).
-19
Let o = 8 - 9. Suppose 20*u - 154 = 6*u. Let f(n) = 22*n**3 + 2*n**2 + 11*n. Let w(m) = -11*m**3 - m**2 - 6*m. Let c(g) = u*w(g) + 6*f(g). Determine c(o).
-10
Let z(y) be the second derivative of -y**5/20 + 11*y**4/12 - y**3/6 + 15*y**2/2 + 1150*y - 2. What is z(11)?
4
Let v(g) = -17*g - 211. Let f be v(-12). Let x be (-4)/16*((-49)/f - -1). Let j(i) = i**3 + i**2 + 3*i + 2. Give j(x).
-8
Let q(f) = 2*f**2 - 24*f + 32. Suppose 4*o = -24*o - 58 + 338. Calculate q(o).
-8
Let n(l) be the first derivative of -3*l**2/2 + 7*l + 2. Let y = -49 + 47. Let g be 62/8 + y + 6/(-8). Determine n(g).
-8
Let i(h) = -2*h**3 + h**2 - 3*h - 4. Let z = 121 + -122. Let s be i(z). Let m(l) = -2*l**2 + 3*l**s + l**3 - l + 5*l**2 + 2 - 2*l**2. Calculate m(-4).
6
Let t(q) = -q**3 - 4*q**2 + 19*q + 45. Let c be t(-6). Let o(i) = -11*i + 36. Give o(c).
3
Let k(n) = 9 - 2 - 910*n**3 + n + 909*n**3. Suppose 0 = 4*x + 4*i - 12, 5*x - 9 = -3